{"id":6,"date":"2019-07-19T10:15:15","date_gmt":"2019-07-19T10:15:15","guid":{"rendered":"http:\/\/192.168.10.220:8081\/?page_id=6"},"modified":"2020-04-12T09:56:56","modified_gmt":"2020-04-12T07:56:56","slug":"about","status":"publish","type":"page","link":"https:\/\/cookbook.sme-it.dk\/?page_id=6","title":{"rendered":"Om os"},"content":{"rendered":"<p>Bare en n\u00e6sten &#8220;normal&#8221; familie, der skriver lidt p\u00e5 nettet.<\/p>\n<p><del>Vi bor i Virum lidt endnu f\u00f8r vi flytter ud af byen n\u00e5r vi har fundet et nyt sted.<\/del><\/p>\n<p><del>Vi skal lige have solgt vores hus f\u00f8rst, s\u00e5 hvis du er interesseret i at flytte til Virum s\u00e5 kan du se det her:<\/del><\/p>\n<p><del>https:\/\/www.edc.dk\/alle-boliger\/virum\/2830\/virum-stationsvej-156\/?sagsnr=28301631<\/del><\/p>\n<p>Det er s\u00e5 ikke l\u00e6ngere rigtigt :-). Vi har solgt og flytter ind i vores nye hjem 10 min k\u00f8rsel syd for Pr\u00e6st\u00f8 ( Rekkenedevej 9, 4720 Pr\u00e6st\u00f8 )\u00a0 , den 1 juli. Og kors hvor vi gl\u00e6der os.<\/p>\n\n\n<p><\/p>\n","protected":false},"excerpt":{"rendered":"<p>Bare en n\u00e6sten &#8220;normal&#8221; familie, der skriver lidt p\u00e5 nettet. Vi bor i Virum lidt endnu f\u00f8r vi flytter ud af byen n\u00e5r vi har fundet et nyt sted. Vi skal lige have solgt vores hus f\u00f8rst, s\u00e5 hvis du er interesseret i at flytte til Virum s\u00e5 kan du se det her: https:\/\/www.edc.dk\/alle-boliger\/virum\/2830\/virum-stationsvej-156\/?sagsnr=28301631 Det &hellip; <\/p>\n<p class=\"link-more\"><a href=\"https:\/\/cookbook.sme-it.dk\/?page_id=6\" class=\"more-link\">L\u00e6s videre<span class=\"screen-reader-text\"> &#8220;Om os&#8221;<\/span><\/a><\/p>\n","protected":false},"author":1,"featured_media":0,"parent":0,"menu_order":0,"comment_status":"closed","ping_status":"closed","template":"","meta":{"footnotes":""},"class_list":["post-6","page","type-page","status-publish","hentry"],"_links":{"self":[{"href":"https:\/\/cookbook.sme-it.dk\/index.php?rest_route=\/wp\/v2\/pages\/6","targetHints":{"allow":["GET"]}}],"collection":[{"href":"https:\/\/cookbook.sme-it.dk\/index.php?rest_route=\/wp\/v2\/pages"}],"about":[{"href":"https:\/\/cookbook.sme-it.dk\/index.php?rest_route=\/wp\/v2\/types\/page"}],"author":[{"embeddable":true,"href":"https:\/\/cookbook.sme-it.dk\/index.php?rest_route=\/wp\/v2\/users\/1"}],"replies":[{"embeddable":true,"href":"https:\/\/cookbook.sme-it.dk\/index.php?rest_route=%2Fwp%2Fv2%2Fcomments&post=6"}],"version-history":[{"count":7,"href":"https:\/\/cookbook.sme-it.dk\/index.php?rest_route=\/wp\/v2\/pages\/6\/revisions"}],"predecessor-version":[{"id":370,"href":"https:\/\/cookbook.sme-it.dk\/index.php?rest_route=\/wp\/v2\/pages\/6\/revisions\/370"}],"wp:attachment":[{"href":"https:\/\/cookbook.sme-it.dk\/index.php?rest_route=%2Fwp%2Fv2%2Fmedia&parent=6"}],"curies":[{"name":"wp","href":"https:\/\/api.w.org\/{rel}","templated":true}]}}